{"id":5,"date":"2010-07-22T00:29:12","date_gmt":"2010-07-21T22:29:12","guid":{"rendered":"http:\/\/luigigandi.info\/sito\/?page_id=5"},"modified":"2020-05-18T09:13:58","modified_gmt":"2020-05-18T07:13:58","slug":"incarichi","status":"publish","type":"page","link":"https:\/\/luigigandi.info\/sito\/incarichi\/","title":{"rendered":"Incarichi Storici"},"content":{"rendered":"<p><strong>GIORNALISTA TELEVISIVO<\/strong><\/p>\n<p><strong>Luigi Gandi<\/strong><br \/>\n<strong>INCARICHI PER LA SOCIET\u00c0<\/strong><br \/>\n<strong>ANTENNA TRE NORD-EST <\/strong><br \/>\n<em>S.Biagio di Callalta &#8211; Treviso<\/em><\/p>\n<p><img loading=\"lazy\" decoding=\"async\" src=\"https:\/\/luigigandi.info\/sito\/wp-content\/uploads\/2006\/11\/Logo_A3.jpg\" alt=\"\" width=\"135\" height=\"164\" border=\"0\" \/><br \/>\n<img loading=\"lazy\" decoding=\"async\" src=\"https:\/\/luigigandi.info\/sito\/wp-content\/uploads\/2006\/11\/Logo_tav.jpg\" alt=\"\" width=\"400\" height=\"164\" \/><br \/>\n<img loading=\"lazy\" decoding=\"async\" src=\"https:\/\/luigigandi.info\/sito\/wp-content\/uploads\/2006\/11\/photogallery\/telealto-Veneto_big.jpg\" alt=\"\" width=\"412\" height=\"309\" border=\"0\" \/><br \/>\n<img loading=\"lazy\" decoding=\"async\" src=\"https:\/\/luigigandi.info\/sito\/wp-content\/uploads\/2006\/11\/Silenzio_Stampa.jpg\" alt=\"\" width=\"400\" height=\"300\" \/><br \/>\n<img loading=\"lazy\" decoding=\"async\" src=\"https:\/\/luigigandi.info\/sito\/wp-content\/uploads\/2006\/11\/Voce_del_mattino.jpg\" alt=\"\" width=\"400\" height=\"300\" \/><br \/>\n<em>Talk Show diventato<\/em><span style=\"font-family: Verdana;\"> \u201c<strong>Promesse e Fatti<\/strong>\u201d <em>dal 2 settembre 2002<\/em><br \/>\nVa in onda ogni Luned\u00ec dalle 20.40 lle 22.40<br \/>\nCopertura Triveneto<br \/>\nVa in onda dal Luned\u00ec al Venerd\u00ec dalle 8.00 alle 9.00 di mattina<br \/>\nRassegna Stampa &#8211; copertura Triveneto<\/span><\/p>\n<p><em>Talk-Show di Luigi Gandi<br \/>\n<\/em> andato in onda dal Miramonti Majestic Grand Hotel<br \/>\ndi Cortina<\/p>\n<p>PRODUZIONI ATTUALI PER LA SOCIET\u00c1 DIFFUSIONE EUROPEA<\/p>\n<table border=\"0\" width=\"512\" cellspacing=\"0\" cellpadding=\"0\" bgcolor=\"#00008b\">\n<tbody>\n<tr>\n<td>\n<div><img loading=\"lazy\" decoding=\"async\" src=\"https:\/\/luigigandi.info\/sito\/wp-content\/uploads\/2006\/11\/1quarantie512.jpg\" alt=\"\" width=\"512\" height=\"384\" border=\"0\" \/><\/div>\n<\/td>\n<\/tr>\n<tr>\n<td><\/td>\n<\/tr>\n<tr>\n<td><img loading=\"lazy\" decoding=\"async\" src=\"https:\/\/luigigandi.info\/sito\/wp-content\/uploads\/2006\/11\/2quarantie512.jpg\" alt=\"\" width=\"512\" height=\"384\" border=\"0\" \/><\/td>\n<\/tr>\n<\/tbody>\n<\/table>\n<p><strong><span style=\"color: red; font-size: x-large;\">Le Quarantie <\/span><\/strong><\/p>\n<p><span style=\"font-size: large;\">Trasmissione TNE di cultura , storia, identit\u00e0 che promuove la nostra tradizione. Le Quarantie sono il vecchio Tribunale della Serenissima che si trova a Palazzo Ducale. Il talk giudica le azioni degli amministratori su temi di grande interesse, dall\u2019economia all\u2019ambiente, dal lavoro all\u2019innovazione tecnologica, dalla politica al sociale. I temi sono quelli antropologici, etnici, con riferimenti alla nostra storia. Rivolta ad un pubblico medio-alto \u00e8 seguita sia dalla gente comune che dall\u2019accademico, sia dai giovani che dagli anziani. Con gruppi di ascolto in continuo aumento, \u00e8 realizzata in forma interattiva con telefonate in diretta ed sms.<br \/>\nSi concentra su temi legati all\u2019economia ai trasporti, alle vie di comunicazione sia terrestri che fluviali, alle problematiche socio-sanitarie. Le Quarantie sono condotte fin dalla prima puntata da Luigi Gandi, talk che va in onda ogni gioved\u00ec su Tele Nord Est dalle ore 21 alle 23.<\/span><\/p>\n<hr \/>\n<table border=\"0\" width=\"63\" cellspacing=\"0\" cellpadding=\"0\">\n<tbody>\n<tr>\n<td>\n<div><img loading=\"lazy\" decoding=\"async\" src=\"https:\/\/luigigandi.info\/sito\/wp-content\/uploads\/2006\/11\/gandi3-800.jpg\" alt=\"\" width=\"800\" height=\"1067\" border=\"0\" \/><\/div>\n<\/td>\n<\/tr>\n<tr>\n<td>\n<div><img loading=\"lazy\" decoding=\"async\" src=\"https:\/\/luigigandi.info\/sito\/wp-content\/uploads\/2006\/11\/gandi1-800.jpg\" alt=\"\" width=\"800\" height=\"776\" border=\"0\" \/><\/div>\n<\/td>\n<\/tr>\n<\/tbody>\n<\/table>\n<table border=\"0\" width=\"102\" cellspacing=\"2\" cellpadding=\"0\">\n<tbody>\n<tr>\n<td><img loading=\"lazy\" decoding=\"async\" src=\"https:\/\/luigigandi.info\/sito\/wp-content\/uploads\/2006\/11\/Tne_Big.jpg\" alt=\"\" width=\"541\" height=\"324\" border=\"0\" \/><\/td>\n<\/tr>\n<\/tbody>\n<\/table>\n","protected":false},"excerpt":{"rendered":"<p>GIORNALISTA TELEVISIVO Luigi Gandi INCARICHI PER LA SOCIET\u00c0 ANTENNA TRE NORD-EST S.Biagio di Callalta &#8211; Treviso Talk Show diventato \u201cPromesse e Fatti\u201d dal 2 settembre 2002 Va in onda ogni Luned\u00ec dalle 20.40 lle 22.40 Copertura Triveneto Va in onda dal Luned\u00ec al Venerd\u00ec dalle 8.00 alle 9.00 di mattina Rassegna Stampa &#8211; copertura Triveneto [&hellip;]<\/p>\n","protected":false},"author":1,"featured_media":0,"parent":0,"menu_order":2,"comment_status":"closed","ping_status":"closed","template":"","meta":{"footnotes":""},"class_list":["post-5","page","type-page","status-publish","hentry"],"_links":{"self":[{"href":"https:\/\/luigigandi.info\/sito\/wp-json\/wp\/v2\/pages\/5","targetHints":{"allow":["GET"]}}],"collection":[{"href":"https:\/\/luigigandi.info\/sito\/wp-json\/wp\/v2\/pages"}],"about":[{"href":"https:\/\/luigigandi.info\/sito\/wp-json\/wp\/v2\/types\/page"}],"author":[{"embeddable":true,"href":"https:\/\/luigigandi.info\/sito\/wp-json\/wp\/v2\/users\/1"}],"replies":[{"embeddable":true,"href":"https:\/\/luigigandi.info\/sito\/wp-json\/wp\/v2\/comments?post=5"}],"version-history":[{"count":13,"href":"https:\/\/luigigandi.info\/sito\/wp-json\/wp\/v2\/pages\/5\/revisions"}],"predecessor-version":[{"id":203,"href":"https:\/\/luigigandi.info\/sito\/wp-json\/wp\/v2\/pages\/5\/revisions\/203"}],"wp:attachment":[{"href":"https:\/\/luigigandi.info\/sito\/wp-json\/wp\/v2\/media?parent=5"}],"curies":[{"name":"wp","href":"https:\/\/api.w.org\/{rel}","templated":true}]}}

<p><strong>GIORNALISTA TELEVISIVO</strong></p>
<p><strong>Luigi Gandi</strong><br />
<strong>INCARICHI PER LA SOCIETÀ</strong><br />
<strong>ANTENNA TRE NORD-EST </strong><br />
<em>S.Biagio di Callalta &#8211; Treviso</em></p>
<p><img loading="lazy" decoding="async" src="https://luigigandi.info/sito/wp-content/uploads/2006/11/Logo_A3.jpg" alt="" width="135" height="164" border="0" /><br />
<img loading="lazy" decoding="async" src="https://luigigandi.info/sito/wp-content/uploads/2006/11/Logo_tav.jpg" alt="" width="400" height="164" /><br />
<img loading="lazy" decoding="async" src="https://luigigandi.info/sito/wp-content/uploads/2006/11/photogallery/telealto-Veneto_big.jpg" alt="" width="412" height="309" border="0" /><br />
<img loading="lazy" decoding="async" src="https://luigigandi.info/sito/wp-content/uploads/2006/11/Silenzio_Stampa.jpg" alt="" width="400" height="300" /><br />
<img loading="lazy" decoding="async" src="https://luigigandi.info/sito/wp-content/uploads/2006/11/Voce_del_mattino.jpg" alt="" width="400" height="300" /><br />
<em>Talk Show diventato</em><span style="font-family: Verdana;"> “<strong>Promesse e Fatti</strong>” <em>dal 2 settembre 2002</em><br />
Va in onda ogni Lunedì dalle 20.40 lle 22.40<br />
Copertura Triveneto<br />
Va in onda dal Lunedì al Venerdì dalle 8.00 alle 9.00 di mattina<br />
Rassegna Stampa &#8211; copertura Triveneto</span></p>
<p><em>Talk-Show di Luigi Gandi<br />
</em> andato in onda dal Miramonti Majestic Grand Hotel<br />
di Cortina</p>
<p>PRODUZIONI ATTUALI PER LA SOCIETÁ DIFFUSIONE EUROPEA</p>
<table border="0" width="512" cellspacing="0" cellpadding="0" bgcolor="#00008b">
<tbody>
<tr>
<td>
<div><img loading="lazy" decoding="async" src="https://luigigandi.info/sito/wp-content/uploads/2006/11/1quarantie512.jpg" alt="" width="512" height="384" border="0" /></div>
</td>
</tr>
<tr>
<td></td>
</tr>
<tr>
<td><img loading="lazy" decoding="async" src="https://luigigandi.info/sito/wp-content/uploads/2006/11/2quarantie512.jpg" alt="" width="512" height="384" border="0" /></td>
</tr>
</tbody>
</table>
<p><strong><span style="color: red; font-size: x-large;">Le Quarantie </span></strong></p>
<p><span style="font-size: large;">Trasmissione TNE di cultura , storia, identità che promuove la nostra tradizione. Le Quarantie sono il vecchio Tribunale della Serenissima che si trova a Palazzo Ducale. Il talk giudica le azioni degli amministratori su temi di grande interesse, dall’economia all’ambiente, dal lavoro all’innovazione tecnologica, dalla politica al sociale. I temi sono quelli antropologici, etnici, con riferimenti alla nostra storia. Rivolta ad un pubblico medio-alto è seguita sia dalla gente comune che dall’accademico, sia dai giovani che dagli anziani. Con gruppi di ascolto in continuo aumento, è realizzata in forma interattiva con telefonate in diretta ed sms.<br />
Si concentra su temi legati all’economia ai trasporti, alle vie di comunicazione sia terrestri che fluviali, alle problematiche socio-sanitarie. Le Quarantie sono condotte fin dalla prima puntata da Luigi Gandi, talk che va in onda ogni giovedì su Tele Nord Est dalle ore 21 alle 23.</span></p>
<hr />
<table border="0" width="63" cellspacing="0" cellpadding="0">
<tbody>
<tr>
<td>
<div><img loading="lazy" decoding="async" src="https://luigigandi.info/sito/wp-content/uploads/2006/11/gandi3-800.jpg" alt="" width="800" height="1067" border="0" /></div>
</td>
</tr>
<tr>
<td>
<div><img loading="lazy" decoding="async" src="https://luigigandi.info/sito/wp-content/uploads/2006/11/gandi1-800.jpg" alt="" width="800" height="776" border="0" /></div>
</td>
</tr>
</tbody>
</table>
<table border="0" width="102" cellspacing="2" cellpadding="0">
<tbody>
<tr>
<td><img loading="lazy" decoding="async" src="https://luigigandi.info/sito/wp-content/uploads/2006/11/Tne_Big.jpg" alt="" width="541" height="324" border="0" /></td>
</tr>
</tbody>
</table>

<p>GIORNALISTA TELEVISIVO Luigi Gandi INCARICHI PER LA SOCIETÀ ANTENNA TRE NORD-EST S.Biagio di Callalta &#8211; Treviso Talk Show diventato “Promesse e Fatti” dal 2 settembre 2002 Va in onda ogni Lunedì dalle 20.40 lle 22.40 Copertura Triveneto Va in onda dal Lunedì al Venerdì dalle 8.00 alle 9.00 di mattina Rassegna Stampa &#8211; copertura Triveneto [&hellip;]</p>
