{"id":47,"date":"2010-07-22T15:37:56","date_gmt":"2010-07-22T13:37:56","guid":{"rendered":"http:\/\/luigigandi.info\/sito\/?page_id=47"},"modified":"2013-01-23T15:48:50","modified_gmt":"2013-01-23T13:48:50","slug":"produzioni-attuali","status":"publish","type":"page","link":"https:\/\/luigigandi.info\/sito\/produzioni-attuali\/","title":{"rendered":"Produzioni Attuali"},"content":{"rendered":"<p>PRODUZIONIATTUALI<\/p>\n<p><strong>La Piazza<\/strong><br \/>\n(in onda in contemporanea su Antenna 3 e Free il Mercoled\u00ec dalle 20,40 alle 22,40 a diffusione triveneta)<\/p>\n<p>Coinvolge amministratori locali del nord-est, gente comune, sindacati, lavoratori, associazioni di categoria, professori universitari su temi politici, economici e sociali facendo interagire in forma interattiva il telespettatore da casa con telefonate in diretta ed sms. \u00c8 un talk di grande ascolto su problematiche locali in funzione di un miglioramento del dialogo tra le diverse componenti sociali. Forma l\u2019opinione pubblica triveneta con dibattiti a favore della crescita del nostro territorio, \u00e8 di sprone per i politici a trovare soluzioni interistituzionali, critica e suggerisce le migliori soluzioni per decisioni condivise volte alla riscoperta della nostra identit\u00e0, cultura e tradizioni locali. \u00c8 la voce della gente comune. La Piazza \u00e8 condotta dalla sua nascita da Luigi Gandi su Antenna Tre Nord-Est e va in onda il venerd\u00ec dalle 21,00 alle 23,00.<strong><br \/>\n<\/strong><\/p>\n<p><strong>Realizza anche servizi speciali e produzioni TV che vanno in onda su Antenna 3 e Free<br \/>\n<\/strong><\/p>\n","protected":false},"excerpt":{"rendered":"<p>PRODUZIONIATTUALI La Piazza (in onda in contemporanea su Antenna 3 e Free il Mercoled\u00ec dalle 20,40 alle 22,40 a diffusione triveneta) Coinvolge amministratori locali del nord-est, gente comune, sindacati, lavoratori, associazioni di categoria, professori universitari su temi politici, economici e sociali facendo interagire in forma interattiva il telespettatore da casa con telefonate in diretta ed [&hellip;]<\/p>\n","protected":false},"author":1,"featured_media":0,"parent":0,"menu_order":0,"comment_status":"open","ping_status":"open","template":"","meta":{"footnotes":""},"class_list":["post-47","page","type-page","status-publish","hentry"],"_links":{"self":[{"href":"https:\/\/luigigandi.info\/sito\/wp-json\/wp\/v2\/pages\/47","targetHints":{"allow":["GET"]}}],"collection":[{"href":"https:\/\/luigigandi.info\/sito\/wp-json\/wp\/v2\/pages"}],"about":[{"href":"https:\/\/luigigandi.info\/sito\/wp-json\/wp\/v2\/types\/page"}],"author":[{"embeddable":true,"href":"https:\/\/luigigandi.info\/sito\/wp-json\/wp\/v2\/users\/1"}],"replies":[{"embeddable":true,"href":"https:\/\/luigigandi.info\/sito\/wp-json\/wp\/v2\/comments?post=47"}],"version-history":[{"count":5,"href":"https:\/\/luigigandi.info\/sito\/wp-json\/wp\/v2\/pages\/47\/revisions"}],"predecessor-version":[{"id":56,"href":"https:\/\/luigigandi.info\/sito\/wp-json\/wp\/v2\/pages\/47\/revisions\/56"}],"wp:attachment":[{"href":"https:\/\/luigigandi.info\/sito\/wp-json\/wp\/v2\/media?parent=47"}],"curies":[{"name":"wp","href":"https:\/\/api.w.org\/{rel}","templated":true}]}}