{"id":2,"date":"2010-07-22T00:08:14","date_gmt":"2010-07-21T22:08:14","guid":{"rendered":"http:\/\/luigigandi.info\/sito\/?page_id=2"},"modified":"2010-07-22T01:36:13","modified_gmt":"2010-07-21T23:36:13","slug":"info","status":"publish","type":"page","link":"https:\/\/luigigandi.info\/sito\/info\/","title":{"rendered":"Curriculum Vitae"},"content":{"rendered":"<p><!-- \t\t@page { margin: 2cm } \t\tP { margin-bottom: 0.21cm } --><\/p>\n<p style=\"text-align: center;\"><span style=\"font-family: Times New Roman,serif;\"><span style=\"font-size: small;\"><strong>CURRICULUM VITAE DOTT. LUIGI GANDI<\/strong><\/span><\/span><\/p>\n<p><span style=\"font-family: Times New Roman,serif;\"><span style=\"font-size: small;\">TITOLI DI STUDIO<\/span><\/span><\/p>\n<ul>\n<li><span style=\"font-family: Times New Roman,serif;\"><span style=\"font-size: small;\">LAUREA IN LINGUE E \tLETTERATURE STRANIERE <em>(francese ed inglese)<\/em><\/span><\/span><\/li>\n<li><span style=\"font-family: Times New Roman,serif;\"><span style=\"font-size: small;\">CORSO DI \tSPECIALIZZAZIONE PER L&#8217;OTTENIMENTO DELLA QUALIFICA &#8220;CONSULENTE \tPER LE RELAZIONI INTERNAZIONALI&#8221; &#8211; CORSO FONDO SOCIALE EUROPEO<\/span><\/span><\/li>\n<li><span style=\"font-family: Times New Roman,serif;\"><span style=\"font-size: small;\">DOTTORATO IN \tFILOLOGIA &#8211; <em>lingue romanze<\/em><\/span><\/span><\/li>\n<li><span style=\"font-family: Times New Roman,serif;\"><span style=\"font-size: small;\">DOTTORE DI RICERCA \tIN DIDATTICA DELLE LINGUE<\/span><\/span><\/li>\n<li><span style=\"font-family: Times New Roman,serif;\"><span style=\"font-size: small;\">PILOTA VOLO DIPORTO \tSPORTIVO (VDS) <\/span><\/span><\/li>\n<li><span style=\"font-family: Times New Roman,serif;\"><span style=\"font-size: small;\">PATENTE NAUTICA A \tVELA E MOTORE SENZA LIMITI DALLA COSTA<\/span><\/span><\/li>\n<li><span style=\"font-family: Times New Roman,serif;\"><span style=\"font-size: small;\">PATENTE DI GUIDA C \tPROFESSIONALE<\/span><\/span><\/li>\n<\/ul>\n<p><span style=\"font-family: Times New Roman,serif;\"><span style=\"font-size: small;\"><span style=\"color: #ff0000;\"><em><strong><br \/>\n<\/strong><\/em><\/span><span style=\"color: #000000;\"><strong>INCARICHI ED OCCUPAZIONI PROFESSIONALI<\/strong><\/span><\/span><\/span><\/p>\n<ul>\n<li><span style=\"font-family: Times New Roman,serif;\"><span style=\"font-size: small;\">ASSISTENTE DI \tLINGUA ITALIANA IN FRANCIA (M.P.I.)<\/span><\/span><\/li>\n<li><span style=\"font-family: Times New Roman,serif;\"><span style=\"font-size: small;\">BORSISTA ERASMUS A \tDUBLINO AL BUREAU FOR LESSER USED LANGUAGES<\/span><\/span><\/li>\n<li><span style=\"font-family: Times New Roman,serif;\"><span style=\"font-size: small;\">BORSISTA DEL M.A.E. \tPRESSO l\u2019ALTO COMMISSARIATO DELLE RELAZIONI CULTURALI \tINTERNAZIONALI DI BRUXELLES 1982-84<\/span><\/span><\/li>\n<li><span style=\"font-family: Times New Roman,serif;\"><span style=\"font-size: small;\">ISCRIZIONE ALL&#8217;ALBO \tDEI GIORNALISTI PUBBLICISTI ORDINE DEL FRIULI-VENEZIA GIULIA \t11.2.1988<\/span><\/span><\/li>\n<li><span style=\"font-family: Times New Roman,serif;\"><span style=\"font-size: small;\">FREE LANCE PER \tL\u2019EMITTENTE TELEVISIVA A DIFFUSIONE INTERREGIONALE \u201cCANALE 55\u201d \t&#8211; PORDENONE<\/span><\/span><\/li>\n<li><span style=\"font-family: Times New Roman,serif;\"><span style=\"font-size: small;\">CULTORE DELLA \tMATERIA IN LETTERATURA ITALIANA PRESSO LA CATTEDRA DI LETTERATURA \tITALIANA DELLA FACOLT\u00c0 DI LETTERE E FILOSOFIA &#8211; UNIVERSIT\u00c0 DI \tUDINE<\/span><\/span><\/li>\n<li><span style=\"font-family: Times New Roman,serif;\"><span style=\"font-size: small;\">ASSESSORE ALLA \tCULTURA E ALLA PUBBLICA ISTRUZIONE DEL COMUNE DI PORDENONE E AI \tSERVIZI SOCIALI DAL 16 APRILE 1996 AL 4 GENNAIO 2000<\/span><\/span><\/li>\n<li><span style=\"font-family: Times New Roman,serif;\"><span style=\"font-size: small;\">FUNZIONARIO \tAMMINISTRATIVO DELL\u2019 UNIVERSIT\u00c1 DI UDINE CAT. D 4<\/span><\/span><\/li>\n<li><span style=\"font-family: Times New Roman,serif;\"><span style=\"font-size: small;\">\u00c8 PRESIDENTE DELL\u2019 \tASSOCIAZIONE CIELO TERRA MARE CHE SI OCCUPA DELLA PROMOZIONE \tTURISTICA E DELLA DIFESA AMBIENTALE CHE \u00c8 SOSTENUTA DALLA REGIONE \tFRIULI VENEZIA GIULIA, CHE HA AVUTO NUMEROSI PRESTIGIOSI INCARICHI \tDALLA REGIONE VENETO, DALL\u2019UNIONE ITALIANA DI FIUME E CAPODISTRIA \tE PRODUCE I DOCUMENTARI &#8220;ORIZZONTI BLU&#8221; <\/span><\/span><\/li>\n<li><span style=\"font-family: Times New Roman,serif;\"><span style=\"font-size: small;\">\u00c8 STATO \tGIORNALISTA TELEVISIVO PER L&#8217;EMITTENTE CANALE 55 DI PORDENONE FINO \tAD APRILE 2002<\/span><\/span><\/li>\n<li><span style=\"font-family: Times New Roman,serif;\"><span style=\"font-size: small;\">ATTUALMENTE E&#8217; \tGIORNALISTA TELEVISIVO PER LE EMITTENTI ANTENNA 3 NORD EST (TV) E \tFREE  DEGLI  EDITORI THOMAS  ED ELISA PANTO E PER LE QUALI REALIZZA \tANCHE SERVIZI SPECIALI E PRODUZIONI TV<\/span><\/span><\/li>\n<li><span style=\"font-family: Times New Roman,serif;\"><span style=\"font-size: small;\">COME \tCONDUTTORE TELEVISIVO PER GIORGIO PANTO INIZIA DAL 2 LUGLIO 2001 CON \tLA RUBRICA &#8220;LA VOCE DEL MATTINO&#8221; PRESSO L&#8217;EMITTENTE \tTELEALTO VENETO. SUCCESSIVAMENTE PASSA IN ANTENNA TRE NORD EST DOVE \tCONDUCE IN PRIME-TIME PRIMA &#8220;SILENZIO STAMPA&#8221; POI \t&#8220;PROMESSE E FATTI&#8221;. HA TRASMESSO DA CORTINA PER DUE \tSTAGIONI ESTIVE ED UNA INVERNALE &#8220;L&#8217;AQUILA DI CORTINA&#8221; E \t&#8220;LA VOCE DEL MATTINO&#8221;. NEL SETTEMBRE 2004 INIZIA DUE NUOVE \tRUBRICHE, &#8220;LA PIAZZA&#8221; PER ANTENNA TRE NORD EST E &#8220;LE \tQUARANTIE&#8221; PER TELE NORD EST, SEMPRE IN PRIMA SERATA. ORA \tCONDUCE IL TALK SHOW TV LA PIAZZA CHE VIENE TELETRASMESSO DA DUE \tEMITTENTI ANTENNA TRE NORD EST E FREE TELEVISIONI PER LE QUALI HA \tREALIZZATO SPECIALI, REDAZIONALI E RICERCHE SUL NORD-EST<strong>.<\/strong><\/span><\/span><\/li>\n<\/ul>\n<ul>\n<li><span style=\"font-family: Times New Roman,serif;\"><span style=\"font-size: small;\">COME AUTORE \tTELEVISIVO HA IDEATO E STAMPATO IN PROPRIO LE SEGUENTI OPERE:<\/span><\/span><\/li>\n<li><span style=\"font-family: Times New Roman,serif;\"><span style=\"font-size: small;\"><strong>un video sulla \tStoria del Friuli per il Consorzio Friuli Turismo della Provincia di \tUdine<\/strong><\/span><\/span><\/li>\n<li><span style=\"font-family: Times New Roman,serif;\"><span style=\"font-size: small;\"><strong>un \tvideo sulla Storia della Provincia di Pordenone in occasione delle \tcerimonia ufficiale del 40 \u00b0 anniversario della Sua fondazione.<\/strong><\/span><\/span><\/li>\n<li><span style=\"font-family: Times New Roman,serif;\"><span style=\"font-size: small;\"><strong>Un \tvideo per la Veneto Strade sui principali cantieri <\/strong><\/span><\/span><\/li>\n<li><span style=\"font-family: Times New Roman,serif;\"><span style=\"font-size: small;\"><strong>Un \tvideo sulle Attivit\u00e0 Estrattive del Comune di Caneva<\/strong><\/span><\/span><\/li>\n<li><span style=\"font-family: Times New Roman,serif;\"><span style=\"font-size: small;\"><strong>un video \tsull\u2019Istria e la Dalmazia denominato \u201cIl Golfo di Venezia\u201d per \tla Regione Veneto.<\/strong><\/span><\/span><\/li>\n<li><span style=\"font-family: Times New Roman,serif;\"><span style=\"font-size: small;\"><strong>un \tVideo sui monumenti veneti restaurati in Istria e Dalmazia grazie \talla legge regionale del Veneto 15\/94.<\/strong><\/span><\/span><\/li>\n<li><span style=\"font-family: Times New Roman,serif;\"><span style=\"font-size: small;\"><strong>Un \tvideo sulla Breve Storia di Trieste e dintorni per la Regione Friuli \tVenezia Giulia.<\/strong><\/span><\/span><\/li>\n<li><span style=\"font-family: Times New Roman,serif;\"><span style=\"font-size: small;\"><strong>Ha \trealizzato video industriali ed istituzionali per la Fondazione \tMarzotto, per il Gruppo Grigolin SPA e per la Trevi SPA.<\/strong><\/span><\/span><\/li>\n<\/ul>\n<p><span style=\"font-family: Times New Roman,serif;\"><span style=\"font-size: small;\"><span style=\"color: #000000;\"><strong>ARTICOLI SCIENTIFICI<\/strong><\/span><\/span><\/span><\/p>\n<ul>\n<li><span style=\"font-family: Times New Roman,serif;\"><span style=\"font-size: small;\"><em>La situation \tpluriculturelle des Flandres avec ses probl\u00e8mes psycholinguistiques \tet sociolinguistiques peut-elle nous indiquer le chemin \u00e0 suivre \tpour le Frioul ?<\/em>, AAVV, &#8220;Bilinguismo, Biculturalismo e \tScuola in Friuli&#8221;, Ed. Provincia di Pro<\/span><\/span><\/li>\n<li><span style=\"font-family: Times New Roman,serif;\"><span style=\"font-size: small;\"><em>Ilots \tminoritaires atypiques: les francophones de Flandre<\/em>, AAVV, \t&#8220;IsoleLinguistiche e Culturali&#8221;, Atti del 24\u00b0 Convegno \tdell&#8217;AIMAV, a cura di Nereo Perini, Doretti, Udine, 1988, pp. \t217-226<\/span><\/span><\/li>\n<li><span style=\"font-family: Times New Roman,serif;\"><span style=\"font-size: small;\"><em>De \tla soci\u00e9t\u00e9 pluriculturelle: Communaut\u00e9s et \u00eelots linguistiques \ten contact ou en conflit ? Essai d&#8217;analyse<\/em>, \tActes du Colloque Contact + Confli(c)t, Research Centre on \tMultilingualism, Brussels, 1988<\/span><\/span><\/li>\n<li><span style=\"font-family: Times New Roman,serif;\"><span style=\"font-size: small;\"><em>A propos des \trelations entre les classes sociales, les cultures et les langues: \tun risque tautologique<\/em>, Zbornik I. Medunarodnog skupa, Atti del \t1\u00b0 Convegno Internazionale, Jezici I Kulture Udoticajima, Lingue e \tCulture in Contatto, Universit\u00e0 degli Studi &#8220;V. Bakaric&#8221; \tdi Fiume, Facolt\u00e0 di Pedagogia di Fiume, Pola, 1989, pp. 35-46<\/span><\/span><\/li>\n<li><span style=\"font-family: Times New Roman,serif;\"><span style=\"font-size: small;\"><em>Da insieme di \tmonoetnie l&#8217;Europa societ\u00e0 pluriculturale<\/em>, in &#8220;Rinnovarsi&#8221;, \tsettembre-ottobre 1988, Roma, pp. 30-32<\/span><\/span><\/li>\n<li><span style=\"font-family: Times New Roman,serif;\"><span style=\"font-size: small;\"><em>Pacieri in \tAfrica<\/em>, in &#8220;Rinnovarsi&#8221;, gennaio 1989, Roma, pp. 8-10<\/span><\/span><\/li>\n<li><span style=\"font-family: Times New Roman,serif;\"><span style=\"font-size: small;\"><em>Nella societ\u00e0 \tpluriculturale il futuro dei giovani<\/em>, in &#8220;Rinnovarsi&#8221;, \tgiugno 1988, Roma, pp. 29-31<\/span><\/span><\/li>\n<li><span style=\"font-family: Times New Roman,serif;\"><span style=\"font-size: small;\"><em>Lingua, un \tprogetto operativo CEE in grande stile<\/em>, in &#8220;Scuola e Lingue \tModerne&#8221;, n\u00b0 4, 1989, Modena, pp. 123-124<\/span><\/span><\/li>\n<li><span style=\"font-family: Times New Roman,serif;\"><span style=\"font-size: small;\"><em>Il progetto \t&#8220;Lingua&#8221;<\/em>, in &#8220;Rinnovarsi&#8221;, aprile-maggio \t1989, Roma, pp. 11-12<\/span><\/span><\/li>\n<li><span style=\"font-family: Times New Roman,serif;\"><span style=\"font-size: small;\"><em>L&#8217;etnismo come \tgaranzia per le culture minori<\/em>, in &#8220;Rinnovarsi&#8221;, \tfebbraio-marzo 1989, Roma, pp. 24-26<\/span><\/span><\/li>\n<li><span style=\"font-family: Times New Roman,serif;\"><span style=\"font-size: small;\"><em>Progetti e tesi \tcomunitarie in campo educativo per l&#8217;integrazione linguistica e \tculturale dell&#8217;Europa<\/em>, in &#8220;Nuova Paideia&#8221;, n\u00b0 3, \t1989, Roma, Cirmes, pp. 47-51<\/span><\/span><\/li>\n<li><span style=\"font-family: Times New Roman,serif;\"><span style=\"font-size: small;\"><em>Giulio Camillo \tDelminio &#8211; Erudito alla corte di Francesco I\u00b0 di Francia<\/em>, in \t&#8220;Paese&#8221;, mars 1989, Paris, pp. 44<\/span><\/span><\/li>\n<li><span style=\"font-family: Times New Roman,serif;\"><span style=\"font-size: small;\"><em>Le \tprogramme Lingua en tant que source d&#8217;int\u00e9gration europ\u00e9enne \tlinguistique et culturelle<\/em>, Contact \tBulletin funded by the Commission of The European Communities, The \tEuropean Bureau For Lesser Used Languages, Dublin, Volume 6 N\u00b0 2<\/span><\/span><\/li>\n<li><span style=\"font-family: Times New Roman,serif;\"><span style=\"font-size: small;\"><em>L&#8217;insegnamento \tdella lingua e della cultura italiana in Francia<\/em>, in &#8220;Nuova \tPaideia&#8221;, Cirmes, Roma, Anno VIII\u00b0, n\u00b0 6, 1989, pp. 54-57<\/span><\/span><\/li>\n<li><span style=\"font-family: Times New Roman,serif;\"><span style=\"font-size: small;\"><em>Europeo, quale \tlingua ?<\/em>, in &#8220;Rinnovarsi&#8221;, Anno XXVIII n\u00b0 9, \tsettembre 1989, Roma, pp. 54-57<\/span><\/span><\/li>\n<li><span style=\"font-family: Times New Roman,serif;\"><span style=\"font-size: small;\"><em>Educazione \tbilingue nei paesi francofoni della Comunit\u00e0 Europea<\/em>, in &#8220;Il \tQuadrante Scolastico, Trento, Trento Unoedizioni, 1992, pp. 46-59<\/span><\/span><\/li>\n<li><span style=\"font-family: Times New Roman,serif;\"><span style=\"font-size: small;\"><em>Pubblicazioni \tper la Revue Roumaine de Linguistique di Bucares<\/em>t<\/span><\/span><\/li>\n<li><span style=\"font-family: Times New Roman,serif;\"><span style=\"font-size: small;\"><em>Torre di \tPordenone, il Conte di Ragogna, il castello ed il museo archeologico \tdel Friuli Occidentale<\/em>, in Le Giornate del Castello, incontri di \tstudio, Udine, Forum Casa Editrice Universitaria, pag. 9-13<\/span><\/span><\/li>\n<li><span style=\"font-family: Times New Roman,serif;\"><span style=\"font-size: small;\"><em>Una strada, la \tnostra storia<\/em>, rivista Le Tre Venezie, Editrice Grafiche \tVianello, Ponzano Veneto, 1998, pag. 30-34<br \/>\n&#8211; Dalla Serenissima \tagli Asburgo, l&#8217;antica strada verso l&#8217;Austria, Ponzano Veneto, \tGrafiche Vianello, 1997, pag. 189. <\/span><\/span><\/li>\n<\/ul>\n<p><span style=\"font-family: Times New Roman,serif;\"><span style=\"font-size: small;\"><span style=\"color: #000000;\"><strong>LIBRI<\/strong><\/span><\/span><\/span><\/p>\n<ul>\n<li><span style=\"font-family: Times New Roman,serif;\"><span style=\"font-size: small;\"><em>Lingua e cultura \titaliane in Francia <\/em>&#8211; Analisi, bisogni e prospettive, Udine, \tGianfranco Angelico Benvenuto Editore, 1990, pp. 254<\/span><\/span><\/li>\n<li><span style=\"font-family: Times New Roman,serif;\"><span style=\"font-size: small;\"><em>L&#8217;enseignement \tdu fran\u00e7ais en Flandre: besoins, perspectives et exigences<\/em>, \tUdine, Gianfranco Angelico Benvenuto Editore, 1990, pp. 239<\/span><\/span><\/li>\n<li><span style=\"font-family: Times New Roman,serif;\"><span style=\"font-size: small;\">Luigi Gandi &#8211; \tPietro Angelillo, <em>Mario Sist, vita di un ingegnere<\/em>, \tEditadria, Pordenone, 1996, pag. 341 (Romanzo biografico)<\/span><\/span><\/li>\n<li><span style=\"font-family: Times New Roman,serif;\"><span style=\"font-size: small;\">Luigi Gandi &#8211; \tPietro Angelillo, <em>Mezzo Secolo fa a Propordenone<\/em>, Editadria, \tPordenone, 1997, pag. 97<\/span><\/span><\/li>\n<li><span style=\"font-family: Times New Roman,serif;\"><span style=\"font-size: small;\"><em>Minori e TV \tquale violenza ?<\/em>, a cura di Luigi Gandi, Forum Casa Editrice \tUniversitaria, Udine, 1997, pag. 124<\/span><\/span><\/li>\n<\/ul>\n","protected":false},"excerpt":{"rendered":"<p>CURRICULUM VITAE DOTT. LUIGI GANDI TITOLI DI STUDIO LAUREA IN LINGUE E LETTERATURE STRANIERE (francese ed inglese) CORSO DI SPECIALIZZAZIONE PER L&#8217;OTTENIMENTO DELLA QUALIFICA &#8220;CONSULENTE PER LE RELAZIONI INTERNAZIONALI&#8221; &#8211; CORSO FONDO SOCIALE EUROPEO DOTTORATO IN FILOLOGIA &#8211; lingue romanze DOTTORE DI RICERCA IN DIDATTICA DELLE LINGUE PILOTA VOLO DIPORTO SPORTIVO (VDS) PATENTE NAUTICA A [&hellip;]<\/p>\n","protected":false},"author":1,"featured_media":0,"parent":0,"menu_order":1,"comment_status":"closed","ping_status":"closed","template":"","meta":{"footnotes":""},"class_list":["post-2","page","type-page","status-publish","hentry"],"_links":{"self":[{"href":"https:\/\/luigigandi.info\/sito\/wp-json\/wp\/v2\/pages\/2","targetHints":{"allow":["GET"]}}],"collection":[{"href":"https:\/\/luigigandi.info\/sito\/wp-json\/wp\/v2\/pages"}],"about":[{"href":"https:\/\/luigigandi.info\/sito\/wp-json\/wp\/v2\/types\/page"}],"author":[{"embeddable":true,"href":"https:\/\/luigigandi.info\/sito\/wp-json\/wp\/v2\/users\/1"}],"replies":[{"embeddable":true,"href":"https:\/\/luigigandi.info\/sito\/wp-json\/wp\/v2\/comments?post=2"}],"version-history":[{"count":3,"href":"https:\/\/luigigandi.info\/sito\/wp-json\/wp\/v2\/pages\/2\/revisions"}],"predecessor-version":[{"id":26,"href":"https:\/\/luigigandi.info\/sito\/wp-json\/wp\/v2\/pages\/2\/revisions\/26"}],"wp:attachment":[{"href":"https:\/\/luigigandi.info\/sito\/wp-json\/wp\/v2\/media?parent=2"}],"curies":[{"name":"wp","href":"https:\/\/api.w.org\/{rel}","templated":true}]}}